{"id":1184,"date":"2020-08-24T09:52:45","date_gmt":"2020-08-24T09:52:45","guid":{"rendered":"http:\/\/mylhena.fr\/index.php\/about\/"},"modified":"2023-05-11T17:37:59","modified_gmt":"2023-05-11T15:37:59","slug":"about","status":"publish","type":"page","link":"http:\/\/mylhena.fr\/index.php\/about\/","title":{"rendered":"About"},"content":{"rendered":"\n<div class=\"wp-block-uagb-container uagb-block-19e99609 alignfull uagb-is-root-container\"><div class=\"uagb-container-inner-blocks-wrap\">\n<div class=\"wp-block-uagb-info-box uagb-block-8ca3f044 uagb-infobox__content-wrap  uagb-infobox-icon-above-title uagb-infobox-image-valign-top\"><div class=\"uagb-ifb-content\"><div class=\"uagb-ifb-title-wrap\"><span class=\"uagb-ifb-title-prefix\"><strong><strong>A FEW WORDS ABOUT\u200b<\/strong><\/strong><\/span><h1 class=\"uagb-ifb-title\">Qui suis-je !\u200b<\/h1><\/div><\/div><\/div>\n<\/div><\/div>\n\n\n\n<div class=\"wp-block-uagb-container uagb-block-65de02ec alignfull uagb-is-root-container\"><div class=\"uagb-container-inner-blocks-wrap\">\n<div class=\"wp-block-uagb-container uagb-block-8134b661\">\n<div class=\"wp-block-uagb-info-box uagb-block-d62f9ed4 uagb-infobox__content-wrap  uagb-infobox-icon-above-title uagb-infobox-image-valign-top\"><div class=\"uagb-ifb-content\"><div class=\"uagb-ifb-title-wrap\"><span class=\"uagb-ifb-title-prefix\">ARTISTE PEINTRE <\/span><h2 class=\"uagb-ifb-title\">Mylhena C.<\/h2><\/div><p class=\"uagb-ifb-desc\">Mylhena bien qu\u2019originaire de Bretagne reste une artiste sans attache. Nomade dans l\u2019\u00e2me amoureuse de la nature, elle sillonne depuis plus de 15 ans la France du nord au sud de l\u2019est \u00e0 l\u2019ouest. A chacun ses formes, \u00e0 chaque saison son ton. Son travail est singulier en perp\u00e9tuel \u00e9volution. Difficile \u00e0 classer tant\u00f4t figuratif parfois abstrait mais toujours po\u00e9tique.<br>Ces tableaux sont les t\u00e9moins privil\u00e9gi\u00e9s de ses coups de c\u0153ur. Les chaos gardien des mers, sentinelles impassibles et protectrices, une entr\u00e9e dans la mati\u00e8re un combat de taille avec ces dyptique et ces ch\u00e2ssis grandeur nature.<br>La Savoie aride et semble-t-il trop blanche aux yeux de l\u2019artiste. Cet \u00e9crin intime et silencieux a \u00e9t\u00e9 &nbsp;a le r\u00e9v\u00e9lateur d\u2019une explosion de couleur, une d\u00e9structuration des formes. La nature la fascine, la surprend. Un nouveau virage s\u2019engage. Son angle de vue s\u2019agrandi. Avec ce dernier volet \u00e0 la feuille d\u2019or, elle nous offre un nouveau regard sur le paysage, plus minimaliste.<br>C\u2019est au travers d\u2019exp\u00e9riences artistiques multiples, et l\u2019utilisation de m\u00e9diums aussi divers et vari\u00e9s qu\u2019elle saura vous toucher. &nbsp;La caresse sensuelle du pastel, la p\u00e2te onctueuse de l\u2019huile, la lumi\u00e8re \u00e9tincelante de la feuille d\u2019or, le tout baign\u00e9 dans des pigments riches.<br>&nbsp;Mylh\u00e9na nous d\u00e9voile son monde onirique. Laissez-vous surprend par l\u2019\u0153il de l\u2019artiste<\/p><\/div><\/div>\n\n\n\n<div class=\"wp-block-uagb-advanced-heading uagb-block-aa937ae5\"><h4 class=\"uagb-heading-text\">Me suivre sur les r\u00e9seaux sociaux<\/h4><\/div>\n\n\n\n<div class=\"wp-block-uagb-social-share uagb-social-share__outer-wrap uagb-social-share__layout-horizontal uagb-block-b3f1e581\">\n<div class=\"wp-block-uagb-social-share-child uagb-ss-repeater uagb-ss__wrapper uagb-block-2d59c8d3\"><a class=\"uagb-ss__link\" data-href=\"https:\/\/www.facebook.com\/sharer.php?u=\" rel=\"noopener noreferrer\"><span class=\"uagb-ss__source-wrap\"><span class=\"uagb-ss__source-icon\"><svg xmlns=\"https:\/\/www.w3.org\/2000\/svg\" viewBox=\"0 0 448 512\"><path d=\"M275.9 330.7H171.3V480H17V32h109.5v104.5l305.1 85.6V480H275.9z\"><\/path><\/svg><\/span><\/span><\/a><\/div>\n\n\n\n<div class=\"wp-block-uagb-social-share-child uagb-ss-repeater uagb-ss__wrapper uagb-block-8f784ed9\"><a class=\"uagb-ss__link\" data-href=\"https:\/\/www.facebook.com\/sharer.php?u=\" rel=\"noopener noreferrer\"><span class=\"uagb-ss__source-wrap\"><span class=\"uagb-ss__source-icon\"><svg xmlns=\"https:\/\/www.w3.org\/2000\/svg\" viewBox=\"0 0 512 512\"><path d=\"M504 256C504 119 393 8 256 8S8 119 8 256c0 123.8 90.69 226.4 209.3 245V327.7h-63V256h63v-54.64c0-62.15 37-96.48 93.67-96.48 27.14 0 55.52 4.84 55.52 4.84v61h-31.28c-30.8 0-40.41 19.12-40.41 38.73V256h68.78l-11 71.69h-57.78V501C413.3 482.4 504 379.8 504 256z\"><\/path><\/svg><\/span><\/span><\/a><\/div>\n\n\n\n<div class=\"wp-block-uagb-social-share-child uagb-ss-repeater uagb-ss__wrapper uagb-block-f9f21092\"><a class=\"uagb-ss__link\" data-href=\"https:\/\/pinterest.com\/pin\/create\/link\/?url=\" rel=\"noopener noreferrer\"><span class=\"uagb-ss__source-wrap\"><span class=\"uagb-ss__source-icon\"><svg xmlns=\"https:\/\/www.w3.org\/2000\/svg\" viewBox=\"0 0 512 512\"><path d=\"M459.4 151.7c.325 4.548 .325 9.097 .325 13.65 0 138.7-105.6 298.6-298.6 298.6-59.45 0-114.7-17.22-161.1-47.11 8.447 .974 16.57 1.299 25.34 1.299 49.06 0 94.21-16.57 130.3-44.83-46.13-.975-84.79-31.19-98.11-72.77 6.498 .974 12.99 1.624 19.82 1.624 9.421 0 18.84-1.3 27.61-3.573-48.08-9.747-84.14-51.98-84.14-102.1v-1.299c13.97 7.797 30.21 12.67 47.43 13.32-28.26-18.84-46.78-51.01-46.78-87.39 0-19.49 5.197-37.36 14.29-52.95 51.65 63.67 129.3 105.3 216.4 109.8-1.624-7.797-2.599-15.92-2.599-24.04 0-57.83 46.78-104.9 104.9-104.9 30.21 0 57.5 12.67 76.67 33.14 23.72-4.548 46.46-13.32 66.6-25.34-7.798 24.37-24.37 44.83-46.13 57.83 21.12-2.273 41.58-8.122 60.43-16.24-14.29 20.79-32.16 39.31-52.63 54.25z\"><\/path><\/svg><\/span><\/span><\/a><\/div>\n\n\n\n<div class=\"wp-block-uagb-social-share-child uagb-ss-repeater uagb-ss__wrapper uagb-block-40ad3a39\"><a class=\"uagb-ss__link\" data-href=\"https:\/\/www.linkedin.com\/shareArticle?url=\" rel=\"noopener noreferrer\"><span class=\"uagb-ss__source-wrap\"><span class=\"uagb-ss__source-icon\"><svg xmlns=\"https:\/\/www.w3.org\/2000\/svg\" viewBox=\"0 0 448 512\"><path d=\"M100.3 448H7.4V148.9h92.88zM53.79 108.1C24.09 108.1 0 83.5 0 53.8a53.79 53.79 0 0 1 107.6 0c0 29.7-24.1 54.3-53.79 54.3zM447.9 448h-92.68V302.4c0-34.7-.7-79.2-48.29-79.2-48.29 0-55.69 37.7-55.69 76.7V448h-92.78V148.9h89.08v40.8h1.3c12.4-23.5 42.69-48.3 87.88-48.3 94 0 111.3 61.9 111.3 142.3V448z\"><\/path><\/svg><\/span><\/span><\/a><\/div>\n<\/div>\n<\/div>\n\n\n\n<div class=\"wp-block-uagb-container uagb-block-bbe0d4c0\">\n<div class=\"wp-block-uagb-image aligncenter uagb-block-7f6fac85 wp-block-uagb-image--layout-overlay wp-block-uagb-image--effect-static wp-block-uagb-image--align-center\"><figure class=\"wp-block-uagb-image__figure\"><img decoding=\"async\" srcset=\"http:\/\/mylhena.fr\/wp-content\/uploads\/2023\/04\/portrait-artiste.png ,http:\/\/mylhena.fr\/wp-content\/uploads\/2020\/08\/keith-keller-1.jpg 780w, http:\/\/mylhena.fr\/wp-content\/uploads\/2020\/08\/keith-keller-1.jpg 360w\" sizes=\"auto, (max-width: 480px) 150px\" src=\"http:\/\/mylhena.fr\/wp-content\/uploads\/2023\/04\/portrait-artiste.png\" alt=\"\" class=\"uag-image-2188\" width=\"383\" height=\"600\" title=\"\" loading=\"lazy\"\/><div class=\"wp-block-uagb-image--layout-overlay__color-wrapper\"><\/div><div class=\"wp-block-uagb-image--layout-overlay__inner center-center\"><a class=\"wp-block-uagb-image--layout-overlay-link \" href=\"\" target=\"\" rel=\"noopener\"><\/a><\/div><\/figure><\/div>\n\n\n\n<div class=\"wp-block-uagb-advanced-heading uagb-block-b5a190b8\"><h6 class=\"uagb-heading-text\"><strong>Mylhena C.\u200b<\/strong><\/h6><\/div>\n<\/div>\n<\/div><\/div>\n\n\n\n<div class=\"wp-block-uagb-container uagb-block-ab74d727 alignfull uagb-is-root-container\"><div class=\"uagb-container-inner-blocks-wrap\">\n<div class=\"wp-block-uagb-container uagb-block-748b476e\">\n<div class=\"wp-block-uagb-info-box uagb-block-bf4c8035 uagb-infobox__content-wrap  uagb-infobox-icon-above-title uagb-infobox-image-valign-top\"><div class=\"uagb-ifb-content\"><div class=\"uagb-ifb-icon-wrap\"><div class=\"uagb-iconbox-icon-wrap uagb-infobox-shape-circle\"><svg xmlns=\"https:\/\/www.w3.org\/2000\/svg\" viewBox=\"0 0 448 512\"><path d=\"M384 32C419.3 32 448 60.65 448 96V416C448 451.3 419.3 480 384 480H64C28.65 480 0 451.3 0 416V96C0 60.65 28.65 32 64 32H384zM384 96H256V224H384V96zM384 288H256V416H384V288zM192 224V96H64V224H192zM64 416H192V288H64V416z\"><\/path><\/svg><\/div><\/div><div class=\"uagb-ifb-title-wrap\"><h4 class=\"uagb-ifb-title\"><strong>352\u200b<\/strong><\/h4><\/div><p class=\"uagb-ifb-desc\">tABLEAUX EXCECUTES<\/p><\/div><\/div>\n<\/div>\n\n\n\n<div class=\"wp-block-uagb-container uagb-block-1b06319f\">\n<div class=\"wp-block-uagb-info-box uagb-block-76ed920d uagb-infobox__content-wrap  uagb-infobox-icon-above-title uagb-infobox-image-valign-top\"><div class=\"uagb-ifb-content\"><div class=\"uagb-ifb-icon-wrap\"><div class=\"uagb-iconbox-icon-wrap uagb-infobox-shape-circle\"><svg xmlns=\"https:\/\/www.w3.org\/2000\/svg\" viewBox=\"0 0 448 512\"><path d=\"M224 256c70.7 0 128-57.31 128-128s-57.3-128-128-128C153.3 0 96 57.31 96 128S153.3 256 224 256zM274.7 304H173.3C77.61 304 0 381.6 0 477.3c0 19.14 15.52 34.67 34.66 34.67h378.7C432.5 512 448 496.5 448 477.3C448 381.6 370.4 304 274.7 304z\"><\/path><\/svg><\/div><\/div><div class=\"uagb-ifb-title-wrap\"><h4 class=\"uagb-ifb-title\"><strong><strong>120+\u200b<\/strong><\/strong><\/h4><\/div><p class=\"uagb-ifb-desc\">CLIENTS HEUREUX \u200b<\/p><\/div><\/div>\n<\/div>\n\n\n\n<div class=\"wp-block-uagb-container uagb-block-72bcfb44\">\n<div class=\"wp-block-uagb-info-box uagb-block-6bd4de75 uagb-infobox__content-wrap  uagb-infobox-icon-above-title uagb-infobox-image-valign-top\"><div class=\"uagb-ifb-content\"><div class=\"uagb-ifb-icon-wrap\"><div class=\"uagb-iconbox-icon-wrap uagb-infobox-shape-circle\"><svg xmlns=\"https:\/\/www.w3.org\/2000\/svg\" viewBox=\"0 0 576 512\"><path d=\"M572.1 82.38C569.5 71.59 559.8 64 548.7 64h-100.8c.2422-12.45 .1078-23.7-.1559-33.02C447.3 13.63 433.2 0 415.8 0H160.2C142.8 0 128.7 13.63 128.2 30.98C127.1 40.3 127.8 51.55 128.1 64H27.26C16.16 64 6.537 71.59 3.912 82.38C3.1 85.78-15.71 167.2 37.07 245.9c37.44 55.82 100.6 95.03 187.5 117.4c18.7 4.805 31.41 22.06 31.41 41.37C256 428.5 236.5 448 212.6 448H208c-26.51 0-47.99 21.49-47.99 48c0 8.836 7.163 16 15.1 16h223.1c8.836 0 15.1-7.164 15.1-16c0-26.51-21.48-48-47.99-48h-4.644c-23.86 0-43.36-19.5-43.36-43.35c0-19.31 12.71-36.57 31.41-41.37c86.96-22.34 150.1-61.55 187.5-117.4C591.7 167.2 572.9 85.78 572.1 82.38zM77.41 219.8C49.47 178.6 47.01 135.7 48.38 112h80.39c5.359 59.62 20.35 131.1 57.67 189.1C137.4 281.6 100.9 254.4 77.41 219.8zM498.6 219.8c-23.44 34.6-59.94 61.75-109 81.22C426.9 243.1 441.9 171.6 447.2 112h80.39C528.1 135.7 526.5 178.7 498.6 219.8z\"><\/path><\/svg><\/div><\/div><div class=\"uagb-ifb-title-wrap\"><h4 class=\"uagb-ifb-title\"><strong><strong>12<\/strong><\/strong><\/h4><\/div><p class=\"uagb-ifb-desc\">AWARDS RECEIVED\u200b<\/p><\/div><\/div>\n<\/div>\n\n\n\n<div class=\"wp-block-uagb-container uagb-block-3e555044\">\n<div class=\"wp-block-uagb-info-box uagb-block-539fe484 uagb-infobox__content-wrap  uagb-infobox-icon-above-title uagb-infobox-image-valign-top\"><div class=\"uagb-ifb-content\"><div class=\"uagb-ifb-icon-wrap\"><div class=\"uagb-iconbox-icon-wrap uagb-infobox-shape-circle\"><svg xmlns=\"https:\/\/www.w3.org\/2000\/svg\" viewBox=\"0 0 512 512\"><path d=\"M320 336c0 8.844-7.156 16-16 16h-96C199.2 352 192 344.8 192 336V288H0v144C0 457.6 22.41 480 48 480h416c25.59 0 48-22.41 48-48V288h-192V336zM464 96H384V48C384 22.41 361.6 0 336 0h-160C150.4 0 128 22.41 128 48V96H48C22.41 96 0 118.4 0 144V256h512V144C512 118.4 489.6 96 464 96zM336 96h-160V48h160V96z\"><\/path><\/svg><\/div><\/div><div class=\"uagb-ifb-title-wrap\"><h4 class=\"uagb-ifb-title\">+<strong>30 ans\u200b<\/strong><\/h4><\/div><p class=\"uagb-ifb-desc\">de peinture <\/p><\/div><\/div>\n<\/div>\n<\/div><\/div>\n\n\n\n<div class=\"wp-block-uagb-container uagb-block-8217a5ac alignfull uagb-is-root-container\"><div class=\"uagb-container-inner-blocks-wrap\">\n<div class=\"wp-block-uagb-advanced-heading uagb-block-54e4abe4\"><h3 class=\"uagb-heading-text\">LES SALONS D&rsquo;ART<\/h3><\/div>\n\n\n\n<div class=\"wp-block-uagb-container uagb-block-eebb8787\">\n<div class=\"wp-block-uagb-image aligncenter uagb-block-890117aa wp-block-uagb-image--layout-default wp-block-uagb-image--effect-static wp-block-uagb-image--align-center\"><figure class=\"wp-block-uagb-image__figure\"><img decoding=\"async\" srcset=\"http:\/\/mylhena.fr\/wp-content\/uploads\/2023\/05\/2560px-Logo_ville_de_dinard.svg-1024x444.png \" sizes=\"auto, (max-width: 480px) 150px\" src=\"http:\/\/mylhena.fr\/wp-content\/uploads\/2023\/05\/2560px-Logo_ville_de_dinard.svg-1024x444.png\" alt=\"\" class=\"uag-image-2301\" width=\"102\" height=\"44\" title=\"\" loading=\"lazy\"\/><\/figure><\/div>\n\n\n\n<div class=\"wp-block-uagb-image aligncenter uagb-block-8aa3e98f wp-block-uagb-image--layout-default wp-block-uagb-image--effect-static wp-block-uagb-image--align-center\"><figure class=\"wp-block-uagb-image__figure\"><img decoding=\"async\" srcset=\"http:\/\/mylhena.fr\/wp-content\/uploads\/2023\/05\/logo.png \" sizes=\"auto, (max-width: 480px) 150px\" src=\"http:\/\/mylhena.fr\/wp-content\/uploads\/2023\/05\/logo.png\" alt=\"\" class=\"uag-image-2298\" width=\"143\" height=\"64\" title=\"\" loading=\"lazy\"\/><\/figure><\/div>\n\n\n\n<div class=\"wp-block-uagb-image aligncenter uagb-block-cf47f798 wp-block-uagb-image--layout-default wp-block-uagb-image--effect-static wp-block-uagb-image--align-center\"><figure class=\"wp-block-uagb-image__figure\"><img decoding=\"async\" srcset=\"http:\/\/mylhena.fr\/wp-content\/uploads\/2023\/05\/LOGO-SAINT-MALO.png \" sizes=\"auto, (max-width: 480px) 150px\" src=\"http:\/\/mylhena.fr\/wp-content\/uploads\/2023\/05\/LOGO-SAINT-MALO.png\" alt=\"\" class=\"uag-image-2297\" width=\"143\" height=\"64\" title=\"\" loading=\"lazy\"\/><\/figure><\/div>\n\n\n\n<div class=\"wp-block-uagb-image aligncenter uagb-block-9c693b23 wp-block-uagb-image--layout-default wp-block-uagb-image--effect-static wp-block-uagb-image--align-center\"><figure class=\"wp-block-uagb-image__figure\"><img decoding=\"async\" srcset=\"http:\/\/mylhena.fr\/wp-content\/uploads\/2023\/05\/CROIX.png \" sizes=\"auto, (max-width: 480px) 150px\" src=\"http:\/\/mylhena.fr\/wp-content\/uploads\/2023\/05\/CROIX.png\" alt=\"\" class=\"uag-image-2299\" width=\"143\" height=\"64\" title=\"\" loading=\"lazy\"\/><\/figure><\/div>\n\n\n\n<div class=\"wp-block-uagb-image aligncenter uagb-block-bfb0c0ab wp-block-uagb-image--layout-default wp-block-uagb-image--effect-static wp-block-uagb-image--align-center\"><figure class=\"wp-block-uagb-image__figure\"><img decoding=\"async\" srcset=\"http:\/\/mylhena.fr\/wp-content\/uploads\/2023\/05\/paimpol_logo_cmjn.png \" sizes=\"auto, (max-width: 480px) 150px\" src=\"http:\/\/mylhena.fr\/wp-content\/uploads\/2023\/05\/paimpol_logo_cmjn.png\" alt=\"\" class=\"uag-image-2300\" width=\"143\" height=\"64\" title=\"\" loading=\"lazy\"\/><\/figure><\/div>\n<\/div>\n<\/div><\/div>\n","protected":false},"excerpt":{"rendered":"<p>Me suivre sur les r\u00e9seaux sociaux Mylhena C.\u200b LES SALONS D&rsquo;ART<\/p>\n","protected":false},"author":1,"featured_media":0,"parent":0,"menu_order":0,"comment_status":"closed","ping_status":"closed","template":"","meta":{"_uag_custom_page_level_css":"","site-sidebar-layout":"no-sidebar","site-content-layout":"plain-container","ast-global-header-display":"","ast-main-header-display":"","ast-hfb-above-header-display":"","ast-hfb-below-header-display":"","ast-hfb-mobile-header-display":"","site-post-title":"disabled","ast-breadcrumbs-content":"","ast-featured-img":"disabled","footer-sml-layout":"","theme-transparent-header-meta":"enabled","adv-header-id-meta":"","stick-header-meta":"","header-above-stick-meta":"","header-main-stick-meta":"","header-below-stick-meta":"","footnotes":""},"class_list":["post-1184","page","type-page","status-publish","hentry"],"uagb_featured_image_src":{"full":false,"thumbnail":false,"medium":false,"medium_large":false,"large":false,"1536x1536":false,"2048x2048":false},"uagb_author_info":{"display_name":"Mylhena","author_link":"http:\/\/mylhena.fr\/index.php\/author\/mylhena\/"},"uagb_comment_info":0,"uagb_excerpt":"Me suivre sur les r\u00e9seaux sociaux Mylhena C.\u200b LES SALONS D&rsquo;ART","_links":{"self":[{"href":"http:\/\/mylhena.fr\/index.php\/wp-json\/wp\/v2\/pages\/1184","targetHints":{"allow":["GET"]}}],"collection":[{"href":"http:\/\/mylhena.fr\/index.php\/wp-json\/wp\/v2\/pages"}],"about":[{"href":"http:\/\/mylhena.fr\/index.php\/wp-json\/wp\/v2\/types\/page"}],"author":[{"embeddable":true,"href":"http:\/\/mylhena.fr\/index.php\/wp-json\/wp\/v2\/users\/1"}],"replies":[{"embeddable":true,"href":"http:\/\/mylhena.fr\/index.php\/wp-json\/wp\/v2\/comments?post=1184"}],"version-history":[{"count":8,"href":"http:\/\/mylhena.fr\/index.php\/wp-json\/wp\/v2\/pages\/1184\/revisions"}],"predecessor-version":[{"id":2294,"href":"http:\/\/mylhena.fr\/index.php\/wp-json\/wp\/v2\/pages\/1184\/revisions\/2294"}],"wp:attachment":[{"href":"http:\/\/mylhena.fr\/index.php\/wp-json\/wp\/v2\/media?parent=1184"}],"curies":[{"name":"wp","href":"https:\/\/api.w.org\/{rel}","templated":true}]}}